b*m - 3377. Is m composite?
False
Let k(w) = -10*w**2 - 1617*w - 90. Is k(-119) composite?
False
Suppose -2*v = -2*u - 12, 0 = -5*v + 10*v + 5*u + 10. Suppose -v*g - 9421 = 2*w - 3*w, 28287 = 3*w + 2*g. Is w composite?
True
Let j = 15822 + -7413. Suppose 4*n - 2385 = 2*q - j, q + 2*n = 3032. Is q a composite number?
True
Let p = 991885 - 644480. Is p a prime number?
False
Suppose -167468 = 3*i - 7*i. Is 2*(i/2)/7 prime?
True
Let n(o) = 258*o - 1. Let v be n(-2). Suppose 20*s - 1520 = -4989 - 2771. Let i = s - v. Is i composite?
True
Let m = 33486 - -70973. Is m a prime number?
True
Let q(j) = -1345*j + 149. Suppose -3*u + 5*t - 83 = 0, -u - 3*t = -5*t + 29. Is q(u) prime?
False
Let i(m) = -m**3 - m**2 - 6*m + 7. Suppose -3*p + 3*b - b - 252 = 0, -4*p = -3*b + 337. Let k be p/8 - (-2)/8. Is i(k) a composite number?
False
Suppose 3*j = -2*z - 167, -j - 200 = 5*z + 237. Let n = z - -90. Suppose 763 = n*y - 735. Is y composite?
True
Let a = 244 + -53. Suppose 892 = 5*f - 2*l, a = f - 5*l + 8. Is f a prime number?
False
Let n = -2074 - -147. Let a = n + 4441. Suppose a = 5*m - 2*m. Is m a composite number?
True
Let i(p) = 105*p**2 + 186*p - 14. Is i(11) a prime number?
True
Let a(v) = -3*v**3 - 40*v**2 - 41*v - 23. Is a(-22) prime?
True
Let j be 8/3 - 13/(-39). Suppose -16327 = -2*u - 3*m - 1004, -23010 = -j*u + 4*m. Is u composite?
True
Suppose n + 3*n = 2*s + 5842, 0 = -5*s - 15. Suppose -4*t + 3*j = -2549 + 621, 3*t = -j + n. Is t composite?
True
Suppose -16 = y - 5*b, -7*y + 10*y + 3*b - 24 = 0. Is y/(-2) - 2/(18/(-19845)) composite?
False
Is (455/(-77))/(-5)*2971 - (-4)/(-22) a prime number?
True
Let o(t) = 65*t**2 - 30*t - 241. Is o(-32) a composite number?
True
Let a(i) be the first derivative of -121*i**4/4 - i**3/3 + i + 7. Suppose -20*x + 39*x + 19 = 0. Is a(x) composite?
True
Suppose -2*q - 5*x + 193 = 0, -q = -x - 77 - 23. Let y = -99 + q. Let f = 251 + y. Is f composite?
False
Suppose -9*d + 10*d = -18. Let t be ((-4)/3)/(4/d). Suppose -t*a = -7169 - 17269. Is a a prime number?
True
Suppose j = -3 + 6, j = 2*q - 75. Is ((-260)/q)/(-10) - 7891/(-3) prime?
False
Let x be (-3*(-1718)/12)/((-4)/(-8)). Let k = -247 + x. Let g = k - 410. Is g composite?
True
Suppose -35*a - 2717478 = 77*a - 10684934. Is a composite?
True
Let y(o) = -o**2 - 13*o - 7. Let x(l) = l**2 - 16*l + 18. Let n be x(14). Let p be (3/(-3))/((-1)/n). Is y(p) a composite number?
False
Let y = 292 + -292. Suppose 4*u + 5*c - 4331 = y, u + u + c - 2161 = 0. Is u a composite number?
True
Let h = 29 + -27. Suppose -h*b = -2 + 10. Is b/6*(-1332)/8 composite?
True
Let b = 5955 + -8876. Let h = b - -7400. Is h composite?
True
Let c(o) = 309*o**3 + 1545*o**2 - 1. Let b be c(-5). Suppose 2*j = 4*j + 410. Is j*(-2 + (4 - 1))*b a prime number?
False
Let t be 7 - (5 - (1 + -1)). Suppose -t*c - 12 = -12. Is (3903 - c) + 16/(-12)*3 prime?
False
Let t(q) be the first derivative of 8*q + 49/2*q**2 + 7. Is t(3) prime?
False
Suppose -5*p + 2*y - 13 = 0, -4*p + 3*y - 18 + 9 = 0. Is p - (-3 + -2 + 6 + -15257) a composite number?
True
Suppose 4*h - 2*k - 68430 = 0, 4*h = h + 3*k + 51327. Suppose -24*y + 35574 = -h. Is y composite?
True
Let p be (2/(-3))/(2/(-3585)). Let h be 3272/5 - (-36)/(-90). Let x = p - h. Is x prime?
True
Suppose 4*j - 187*x - 177894 = -194*x, 0 = 4*j - 4*x - 177828. Is j prime?
False
Let i(a) = 55*a**2 + 25*a + 317. Is i(26) composite?
True
Let a(h) = -6*h**3 - 637*h - 637*h - 25 + 1278*h - 15*h**2. Is a(-12) a prime number?
False
Suppose -19*t + 1983133 = 48*t. Is t prime?
True
Let i(q) = -4*q**3 + 16*q**2 - 51*q + 6. Let u be i(10). Let l = u - -4843. Is l prime?
False
Suppose -31*d + 1072388 + 953018 = -283753. Is d a composite number?
False
Suppose -3*r - 5*x = -114, 5*r - 229 = 2*x - 70. Let j = r + -28. Suppose -j*y + 365 = -2130. Is y composite?
False
Let v be -6*(-5)/(-45)*-3. Suppose 3024 = v*l - 5*d, 4*l + 0*l + 5*d = 6018. Is l prime?
False
Let o(r) = 232*r - 4407. Let q be o(19). Let s(m) = 1900*m + 5. Let l(c) = -1900*c - 4. Let x(f) = -4*l(f) - 3*s(f). Is x(q) a prime number?
True
Suppose -82315 = -p + 67464. Is p prime?
False
Suppose -u + 115 = 2*u - 2*k, u - 38 = k. Let d(x) = -61 + 29 + u - 172*x. Is d(-6) composite?
False
Suppose -j = 5*y - 61, -7 = -3*j - 19. Let h = 21 - y. Is h/20 - 2904/(-15) composite?
True
Suppose -v = -2*i + 216097, -26*i + 25*i = 5*v - 108043. Suppose -i = 24*k - 917592. Is k composite?
True
Suppose j = 5*v + 338701, 0 = -j - 3*v + 361736 - 22987. Is j composite?
False
Let u be 4/14 + 2577/21 + 1. Suppose -17282 = u*m - 126*m. Is m a composite number?
False
Suppose 144 = -5*d + 11*d. Let q = 24 - d. Suppose q = 3*k - 276 - 15. Is k a prime number?
True
Let q be (3 + 3)*(-3)/9*-3. Suppose 0 = 2*v + 4*s + 18, s - q*s = 3*v + 25. Is (3*v/15)/(2/(-1814)) composite?
False
Suppose 0 = -30*g + 33*g - 12327. Suppose g - 1532 = 3*w. Is w composite?
False
Suppose -2648 = 9*w - 11*w + 5*s, -3*s + 1313 = w. Is w a composite number?
False
Let d(f) = -f**3 + 8*f**2 - 10*f - 10. Let x be d(6). Suppose 0 = -x*l + 2678 + 8988. Is l prime?
False
Let p(c) = c**3 - 2*c**2 - 9*c + 16. Let a be p(3). Is 4/((-40)/3643)*a*5 composite?
False
Let v(g) be the third derivative of -2713*g**4/24 - 47*g**3/6 + g**2 + 8. Is v(-4) prime?
False
Let x = -5865 - -2106. Let j = -1282 - x. Is j a composite number?
False
Suppose 2*r + 7*r + 936 = 0. Let g = r - -113. Let v(d) = d**3 - 9*d**2 + 4*d + 7. Is v(g) a composite number?
False
Is ((-2)/14)/(4/(-31488520)*10) composite?
False
Let b be (-84)/63*(-3)/2. Suppose 6*r = b*r. Suppose -4*v - 4*p + 60 = r, v - 45 = -2*v - 2*p. Is v a composite number?
True
Let d(y) = -3*y + 3. Let f(q) = 1. Let b(j) = d(j) + 2*f(j). Let h be b(3). Let r(x) = -14*x + 6. Is r(h) a prime number?
False
Let f be (-2729)/(-9) - (-2)/(-9). Let c(d) = -d + 12. Let q be c(-8). Suppose -q*r + f = -19*r. Is r prime?
False
Suppose l - 1517 = -96. Suppose 0 = 3*f - l - 13492. Is f a composite number?
True
Suppose 5*f = -3*c + 388133, c = -4*f + 2*f + 155254. Is f a prime number?
False
Let p be 0/1 + 1 - (-90)/3. Let a = -29 + p. Is (0 + a)*((-710)/4)/(-5) a prime number?
True
Suppose 634*o = 631*o + 9. Let l(t) = 155*t**3 - 3*t**2 + 15*t - 5. Is l(o) prime?
False
Suppose -x - 39 + 134 = 0. Is 19/(x/8190) - 5 a composite number?
True
Suppose 0 = -29*z + 31*z - 10. Suppose 3*m + m + 3*w - 6098 = 0, 7617 = z*m + w. Is m a composite number?
False
Let j = 420928 + -283781. Is j/23 - 12/(-138) a prime number?
False
Let i be 233/(52/(-8) - -7). Let l = 1037 - i. Is l composite?
False
Let t = 225693 - 104464. Is t a composite number?
False
Is 15304 - ((-135)/(-9) + -24) prime?
True
Let o = -303274 - -513021. Is o prime?
False
Suppose 25*a - 16083 = 1717. Suppose a*n - 8799 = 709*n. Is n composite?
True
Let g be (29/58)/((-2)/(-144)). Is (-100886)/(-8) - (g/(-16))/9 a prime number?
True
Suppose -b - 4*a + 2207 = -4476, -3*b + 5*a = -19981. Is b a composite number?
True
Suppose -7*v - s + 92710 = -69321, s = 2. Is v a prime number?
False
Let u(r) = -31*r + 45. Let t(k) = -k**2 - 9*k - 8. Let o be t(-8). Suppose o = s - 3*s - 48. Is u(s) a composite number?
True
Let u(b) = -b**3 - 7*b**2 + 7*b + 63. Let k be u(-7). Let i(r) = -r**3 + 25 + 3*r**3 - 9*r - r**3 - 13*r**2. Is i(k) a prime number?
False
Suppose 9*k - 3*w - 32 = 5*k, 8 = k + w. Suppose 9*i - 26 = -k. Suppose -o - 5*q = i*o - 2078, -4*q - 3525 = -5*o. Is o a composite number?
False
Let p(s) = 50*s**3. Let n be p(1). Let x = n + -58. Is 12111/24 + (-3)/x prime?
False
Let y = 59 - 54. Suppose 0 = -y*p - 0 + 5. Is (-4 - (-1282 - 1))/(p/1) prime?
True
Let p = 456221 - -22281. Is p prime?
False
Let f = -251917 - -719012. Is f a composite number?
True
Let o be (-1092)/1 - (-7)/7. Let v = -733 - o. Let z = 264 + v. Is z a prime number?
False
Let n be 3588/(-1) + 32 + -30. Let o = 7552 - n. Is o prime?
False
Let o = -2221 + 3295. Suppose -4*b - o + 5478 = 0. Is b a prime number?
False
Let p(k) = 2555*k + 16. Let m be p(-12). Let l be m/12 - (-2 - -4)/6. Is (-4)/12*(l + 1) a composite number?
True
Let b be (-445916)/(-11) + 4/22. Suppose -4*r + d = 9885 - b, -5*r - d = -38314. Is r prime?
False
Let n = -5671 + -5045. Let f = -7631 - n. Is f composite?
True
Let h = 274 - -73. Let j = 496 - h. Is j a 